is the ten thousands digit of 1301221?
0
What is the tens digit of 282000?
0
What is the ten thousands digit of 1584919?
8
What is the units digit of 80994?
4
What is the hundreds digit of 955306?
3
What is the ten thousands digit of 3010755?
1
What is the tens digit of 13407787?
8
What is the hundred thousands digit of 1981783?
9
What is the ten thousands digit of 112432?
1
What is the hundreds digit of 10574252?
2
What is the hundreds digit of 101701?
7
What is the hundreds digit of 1684489?
4
What is the hundreds digit of 4958722?
7
What is the hundreds digit of 182573?
5
What is the hundred thousands digit of 1557403?
5
What is the units digit of 1964296?
6
What is the millions digit of 9857705?
9
What is the tens digit of 9243984?
8
What is the tens digit of 8234338?
3
What is the thousands digit of 8812028?
2
What is the ten thousands digit of 212314?
1
What is the hundreds digit of 132817?
8
What is the tens digit of 4162818?
1
What is the thousands digit of 2597414?
7
What is the ten thousands digit of 4650654?
5
What is the units digit of 1232512?
2
What is the units digit of 4214105?
5
What is the thousands digit of 589813?
9
What is the millions digit of 1388007?
1
What is the hundreds digit of 499094?
0
What is the tens digit of 4463643?
4
What is the ten millions digit of 17960448?
1
What is the thousands digit of 366626?
6
What is the ten thousands digit of 13548995?
4
What is the thousands digit of 713823?
3
What is the hundreds digit of 29245789?
7
What is the hundred thousands digit of 398901?
3
What is the hundreds digit of 163668?
6
What is the hundreds digit of 3883776?
7
What is the thousands digit of 801707?
1
What is the hundreds digit of 639992?
9
What is the ten thousands digit of 1827916?
2
What is the millions digit of 2933679?
2
What is the tens digit of 5574012?
1
What is the tens digit of 22377?
7
What is the tens digit of 5486936?
3
What is the hundreds digit of 762276?
2
What is the ten thousands digit of 8216854?
1
What is the hundreds digit of 712916?
9
What is the hundred thousands digit of 781740?
7
What is the millions digit of 1751117?
1
What is the thousands digit of 1548704?
8
What is the tens digit of 6826732?
3
What is the units digit of 381613?
3
What is the hundreds digit of 1767314?
3
What is the hundred thousands digit of 39204328?
2
What is the units digit of 290166?
6
What is the millions digit of 1536406?
1
What is the units digit of 9160094?
4
What is the thousands digit of 874560?
4
What is the hundred thousands digit of 696570?
6
What is the hundreds digit of 125911?
9
What is the tens digit of 2025587?
8
What is the tens digit of 3124253?
5
What is the thousands digit of 32740123?
0
What is the tens digit of 133854?
5
What is the hundred thousands digit of 6045729?
0
What is the hundred thousands digit of 1749818?
7
What is the hundreds digit of 5348921?
9
What is the tens digit of 3851240?
4
What is the hundred thousands digit of 361528?
3
What is the ten thousands digit of 6189884?
8
What is the thousands digit of 3477247?
7
What is the ten thousands digit of 5508013?
0
What is the hundreds digit of 5589899?
8
What is the millions digit of 1711035?
1
What is the hundreds digit of 132487?
4
What is the millions digit of 1512532?
1
What is the tens digit of 38577430?
3
What is the thousands digit of 910573?
0
What is the tens digit of 36829119?
1
What is the units digit of 591567?
7
What is the tens digit of 2281062?
6
What is the ten thousands digit of 627395?
2
What is the hundred thousands digit of 316456?
3
What is the units digit of 13893750?
0
What is the hundreds digit of 2933130?
1
What is the ten thousands digit of 1179935?
7
What is the hundred thousands digit of 121444?
1
What is the tens digit of 223520?
2
What is the hundred thousands digit of 1213104?
2
What is the thousands digit of 920631?
0
What is the units digit of 15949?
9
What is the ten thousands digit of 6009621?
0
What is the ten thousands digit of 678320?
7
What is the units digit of 60061?
1
What is the tens digit of 511806?
0
What is the hundreds digit of 206859?
8
What is the millions digit of 45358682?
5
What is the units digit of 2000445?
5
What is the thousands digit of 220293?
0
What is the thousands digit of 1871393?
1
What is the ten thousands digit of 517071?
1
What is the units digit of 1294227?
7
What is the thousands digit of 90266?
0
What is the hundred thousands digit of 183383?
1
What is the hundred thousands digit of 160540?
1
What is the ten thousands digit of 281739?
8
What is the thousands digit of 2113045?
3
What is the units digit of 3398683?
3
What is the units digit of 1102993?
3
What is the hundred thousands digit of 4592936?
5
What is the thousands digit of 188304?
8
What is the thousands digit of 816554?
6
What is the tens digit of 5277048?
4
What is the ten thousands digit of 314514?
1
What is the units digit of 92974?
4
What is the units digit of 2013104?
4
What is the hundreds digit of 190146?
1
What is the millions digit of 15265325?
5
What is the ten millions digit of 34716988?
3
What is the hundreds digit of 55509?
5
What is the units digit of 5052973?
3
What is the thousands digit of 988738?
8
What is the thousands digit of 712081?
2
What is the hundreds digit of 89176?
1
What is the ten thousands digit of 778323?
7
What is the ten thousands digit of 4711566?
1
What is the ten thousands digit of 3465369?
6
What is the tens digit of 412347?
4
What is the ten thousands digit of 9417522?
1
What is the units digit of 1839753?
3
What is the hundred thousands digit of 1498567?
4
What is the units digit of 426266?
6
What is the tens digit of 1318346?
4
What is the hundred thousands digit of 6846732?
8
What is the tens digit of 14358859?
5
What is the hundreds digit of 59066?
0
What is the thousands digit of 5359088?
9
What is the thousands digit of 3416366?
6
What is the hundred thousands digit of 247553?
2
What is the thousands digit of 2161878?
1
What is the tens digit of 9501637?
3
What is the thousands digit of 651524?
1
What is the hundreds digit of 91271?
2
What is the ten thousands digit of 4349299?
4
What is the ten thousands digit of 1449454?
4
What is the tens digit of 6869053?
5
What is the units digit of 8619067?
7
What is the units digit of 139957?
7
What is the hundreds digit of 1703752?
7
What is the thousands digit of 10524200?
4
What is the units digit of 983646?
6
What is the ten thousands digit of 415513?
1
What is the millions digit of 1188566?
1
What is the ten thousands digit of 675656?
7
What is the thousands digit of 264327?
4
What is the thousands digit of 6174598?
4
What is the hundreds digit of 3437024?
0
What is the units digit of 12976646?
6
What is the hundreds digit of 17966266?
2
What is the tens digit of 4456231?
3
What is the thousands digit of 283834?
3
What is the hundred thousands digit of 4579828?
5
What is the hundred thousands digit of 695404?
6
What is the ten thousands digit of 10221?
1
What is the hundred thousands digit of 5186663?
1
What is the units digit of 35396?
6
What is the units digit of 150222?
2
What is the hundred thousands digit of 2195389?
1
What is the tens digit of 25304810?
1
What is the thousands digit of 193556?
3
What is the units digit of 780300?
0
What is the thousands digit of 6266058?
6
What is the ten thousands digit of 8031626?
3
What is the units digit of 555175?
5
What is the hundred thousands digit of 498824?
4
What is the ten thousands digit of 4420583?
2
What is the units digit of 2075961?
1
What is the ten thousands digit of 1577721?
7
What is the millions digit of 3588996?
3
What is the thousands digit of 1522077?
2
What is the millions digit of 3338074?
3
What is the hundreds digit of 467594?
5
What is the ten thousands digit of 163201?
6
What is the thousands digit of 8795758?
5
What is the tens digit of 663049?
4
What is the hundreds digit of 771080?
0
What is the units digit of 659983?
3
What is the tens digit of 530762?
6
What is the tens digit of 30958435?
3
What is the hundreds digit of 289509?
5
What is the hundred thousands digit of 2682445?
6
What is the thousands digit of 335372?
5
What is the hundred thousands digit of 8252334?
2
What is the ten thousands digit of 3747321?
4
What is the thousands di